2*m - 4*h = 24. What is the remainder when 30 is divided by m?
12
Let z(y) = y + 18. Let d be z(-16). Suppose -4*b + 6*b = -d*n + 106, -b - 289 = -5*n. Calculate the remainder when n is divided by 10.
7
Suppose -5*d - 95 + 490 = 0. Suppose -2*h = -65 - 15. What is the remainder when d is divided by h?
39
Let v(j) = -j**2 + 11*j - 16. Let t be v(8). Let g = t - -7. Calculate the remainder when g is divided by 4.
3
Let w = 151 - 84. Let h = w - 43. What is the remainder when 93 is divided by h?
21
Let p = -123 - -147. Suppose -5*n + 5*g = -4*n - 95, g = -4*n + 275. What is the remainder when n is divided by p?
22
Suppose 3*g + 3*x = 78, x + 43 = 4*g - 51. What is the remainder when g is divided by 5?
4
Let y(k) = 5*k**2 - 4*k + 1. Calculate the remainder when 28 is divided by y(-1).
8
Let l(o) = -8*o**3 - o**2 + o + 1. Let y be l(-1). Let q(m) = y + 2*m**2 + 2 - 5 - m**3 - m**2 + m. What is the remainder when 7 is divided by q(0)?
3
Let w = 5 + -11. Let o(r) = r**3 + 6*r**2 - 5*r - 8. Let k be o(w). Let f = 39 - k. What is the remainder when 28 is divided by f?
11
Let b be 1*-1 - (-133)/7. Let r = b + 9. What is the remainder when r is divided by 8?
3
Let s = 4 + 10. Calculate the remainder when 68 is divided by (-8)/28 - ((-186)/s + -1).
12
Let s(r) = r**3 - 4*r**2 + 3*r + 7. Let t = -23 - -26. What is the remainder when s(5) is divided by (-1)/t - (-1 + (-292)/12)?
22
Let b(y) = y**2 - 21*y - 43. Let l be b(22). Let a = 9 + -1. Let s = a - l. What is the remainder when s is divided by 10?
9
Let l be 1/(-2)*(-70 + -4). Suppose -l*j + 41*j - 52 = 0. Calculate the remainder when j is divided by 4.
1
Let l(m) = -m**2 - 27*m - 82. Calculate the remainder when 40 is divided by l(-22).
12
Let w(b) = -6*b + 24. Let q be w(7). Let g be (-13)/(39/q) + -3. Suppose n = -3*n + g*f + 79, -f + 37 = 2*n. Calculate the remainder when n is divided by 11.
8
Suppose 8 = 4*c - 8*c, 3*j + 2*c - 38 = 0. Let g = 50 + -13. Calculate the remainder when g is divided by j.
9
Suppose u = 4*y - 184, 2*y - 200 = -2*y - 3*u. Suppose -3*t - 4 = 2, 0 = 3*d - 4*t - y. Suppose q + q = 50. What is the remainder when q is divided by d?
12
Let c be (0*(-1)/(-2))/(2 - 0). Suppose 26 = 2*y + 5*z, y + c*z - 13 = z. What is the remainder when 24 is divided by y?
11
Let q = 10 + -46. Calculate the remainder when 44 is divided by 4/18 + (-928)/q.
18
Suppose 250 = -13*b + 861. What is the remainder when b is divided by 19?
9
Let a = 2 - 1. Let n(m) = 2*m**3 - m + 1. Let r be n(a). Suppose s = -2*q + 51, r*s = 4*s - 3*q - 81. What is the remainder when s is divided by 24?
21
Suppose -15 = w - 2*w. Let r(z) be the first derivative of z**3/3 + 3*z**2 + 9*z - 20. What is the remainder when w is divided by r(-6)?
6
Let l(h) = -h**2 - 7*h + 5. Let c be l(-7). What is the remainder when 102 is divided by (c/(-15))/(1/(-78))?
24
Suppose 13 + 40 = 3*r - t, 0 = -r - 3*t + 1. What is the remainder when 955 is divided by r?
11
Suppose -12*p - 902 = -98. Let n = p + 68. What is the remainder when 5 is divided by n?
0
Suppose -c + k + 278 = 0, -2*c - k + 530 + 29 = 0. Calculate the remainder when c is divided by 72.
63
Suppose -r - 3*d = 3, 3*d = -r + d - 1. Suppose 4*i - 2*c = r*c + 29, 11 = 2*i + c. Calculate the remainder when i is divided by 2.
0
Let a be (-105)/(-14)*8/(-5). Let h = a - -17. Suppose 0 = -4*c + f + 3*f + 72, -h = 5*f. Calculate the remainder when 64 is divided by c.
13
Let s(l) = 8*l - 30. Let k(h) = -9*h + 50. Let n be k(5). Suppose -15 = -j + 4*b + 8, -4*j - 5*b + 71 = 0. What is the remainder when j is divided by s(n)?
9
Let u = -56 - -94. Calculate the remainder when u is divided by 19.
0
Suppose 4*b = -5*h + 56, 28 - 24 = -4*b. What is the remainder when 477 is divided by h?
9
Let f(l) = l**2 + 2*l - 10. Let p be f(-5). Suppose -6*v + p*v + 23 = 0. What is the remainder when (-2)/11 + (-1500)/(-22) is divided by v?
22
Let j(t) be the third derivative of -2*t**2 + 0 + 0*t + 0*t**3 + 1/8*t**4. What is the remainder when j(5) is divided by 8?
7
Suppose 4*t - 87 = -3*z, 0 = 3*z - t - 29 - 58. What is the remainder when 574 is divided by z?
23
Suppose 4*x + 15 = x. Let u(d) = d**3 + 2*d**2 - 4*d. Let v be u(x). Let z = -28 - v. Calculate the remainder when z is divided by 10.
7
Let g(y) = 3*y**2 - y - 7. Calculate the remainder when g(3) is divided by 7.
3
Let r(f) = 8*f - 10. Suppose 5*w = 2*b + 5, -2*b - 26 = -6*b - 2*w. Calculate the remainder when r(3) is divided by b.
4
Let m(i) = i**2 + 12*i + 3. Let g be m(-15). Suppose 3*n + 2*a - 54 = -n, -3*n = -a - g. What is the remainder when 27 is divided by n?
12
Suppose -q + 7 = -3*h, -4*q + h - 7 = -24. Let u be q/(1/(-6)*-3). What is the remainder when 17 is divided by u + 3*1/(-1)?
2
Let o(z) = -3 + 3 + 2*z**2 - 3 + 3*z. Let c be o(3). Suppose 0 = -l + 5*f + c, 152 = 3*l + f - 0*f. What is the remainder when l is divided by 17?
15
Suppose 6*h + 52 = 4*j + 11*h, 0 = -3*j + 3*h + 12. What is the remainder when 64 is divided by j?
0
What is the remainder when 362 is divided by (-8800)/(-792) - ((-17)/9 - -2)?
10
Suppose 0*m + 4*m = 5*x - 90, -x + 2*m = -18. Let d(o) = 5*o**2 - 14*o + 12. What is the remainder when d(5) is divided by x?
13
Suppose -15*g - 630 = -21*g. Calculate the remainder when g is divided by 34.
3
Let o(q) = -2*q**2 - 65*q + 34. Calculate the remainder when 11 is divided by o(-33).
0
Suppose k - 5*g = -0*k + 31, 0 = -2*k + g + 98. Let u be k*6/(-27)*-3. Let m = u + -8. Calculate the remainder when 75 is divided by m.
23
Suppose -5*z + 138 = -0*z - 4*n, 0 = -3*z + n + 80. Suppose 2*q = -q - 0*q. Suppose 11*b - 12*b + 9 = q. Calculate the remainder when z is divided by b.
8
Let o = 3 - -2. Suppose 5*y + 32 = 3*r, 4*y - 39 = -6*r + o*r. What is the remainder when 54 is divided by r?
16
Let c = -1044 - -1228. Calculate the remainder when c is divided by 178.
6
Calculate the remainder when 51 is divided by (-100)/(-6) + 2 + 228/171.
11
Let k(o) = -o**3 + 6*o**2 + o + 2. Suppose -2*w = -2*z - 82, -10*w + 11*w = -z + 35. What is the remainder when w is divided by k(6)?
6
Suppose 0 = -5*s + 20 + 135. Calculate the remainder when (-55 + -22)*(1 + (-36)/14) is divided by s.
28
Let r(n) = n - 2. Let i be r(7). Suppose -i*o + 3 + 12 = 0. Suppose -20 = -o*h + 4*y, 7*y = 3*h + 2*y - 16. What is the remainder when 35 is divided by h?
11
Let x(h) = -2*h**2 + 11*h + 85. Suppose 71 = 3*k - 190. Calculate the remainder when k is divided by x(9).
21
Let p = 9 + -57. Calculate the remainder when ((-92)/16)/(4/p) is divided by 24.
21
Suppose 2*g - 116 = -4*n, 0 = g + n - 6*n - 30. What is the remainder when 147 is divided by g?
47
Let t = 2696 + -3791. What is the remainder when 3 - (-44)/(-12) - t/9 is divided by 41?
39
Let r = 8 - 14. Let q be 153/6*(-20)/r. Suppose v = -f + 20, -v - v + q = 5*f. What is the remainder when 57 is divided by f?
12
Let c = 689 + -577. What is the remainder when c is divided by (-135)/(-7) - (-6)/(-21)?
17
Let q(l) = -l**2 + 26*l - 115. Calculate the remainder when 68 is divided by q(19).
14
Suppose -14 = g + 2*d + 2*d, 3*g - 10 = d. Suppose -3*r = -4*f + r + 44, -g*r = -4*f + 42. What is the remainder when 37 is divided by f?
7
Suppose 69 = -126*q + 129*q. Suppose 0 = -4*w - 4*o + 176, 0*w - w = -2*o - 38. What is the remainder when w is divided by q?
19
Let g = -6 - -17. Suppose 280*a = 312*a - 1376. Calculate the remainder when a is divided by g.
10
Let b(h) = 11*h - 9. Let t be b(3). Suppose 3*z = -5*j + t, j - 3*z = -4*z + 4. What is the remainder when 34 is divided by j?
4
Suppose 5*a + s = 380, 4*a + s = 3*s + 304. Let p be -4 - (-2 - 0)/(2 + 0). What is the remainder when a is divided by 24/(-12) + (1 - 81/p)?
24
Let c = -223 + 234. Calculate the remainder when 2/1 + 30 + -2 is divided by c.
8
Let w(z) = -z**2 + 40*z - 139. What is the remainder when 13 is divided by w(36)?
3
Let t(a) = -177*a - 821. Suppose 3*w - 105 = -18. Suppose w + 39 = 4*s. Calculate the remainder when t(-5) is divided by s.
13
Let g = 0 - -3. Suppose t + 3*t = 32. Calculate the remainder when t is divided by 60/(-8)*(-2)/g.
3
Suppose 202 + 557 = 23*r. What is the remainder when 228 is divided by r?
30
Let k(d) = 8*d + 1. Let l be k(2). Suppose l*t - 30 = 72. Calculate the remainder when t is divided by 3.
0
Let c(u) 